s digit of 93865?
6
What is the tens digit of 13008?
0
What is the units digit of 1464?
4
What is the tens digit of 4519?
1
What is the hundreds digit of 665?
6
What is the hundreds digit of 2166?
1
What is the tens digit of 2642?
4
What is the thousands digit of 11848?
1
What is the tens digit of 771?
7
What is the tens digit of 1466?
6
What is the ten thousands digit of 13453?
1
What is the hundreds digit of 4141?
1
What is the tens digit of 6159?
5
What is the units digit of 1054?
4
What is the hundreds digit of 3763?
7
What is the hundreds digit of 21174?
1
What is the hundreds digit of 10346?
3
What is the units digit of 18238?
8
What is the hundreds digit of 925?
9
What is the thousands digit of 1402?
1
What is the units digit of 2191?
1
What is the units digit of 4319?
9
What is the tens digit of 4526?
2
What is the units digit of 53979?
9
What is the tens digit of 590?
9
What is the ten thousands digit of 29833?
2
What is the tens digit of 13117?
1
What is the hundreds digit of 476?
4
What is the units digit of 10426?
6
What is the tens digit of 3297?
9
What is the units digit of 2621?
1
What is the ten thousands digit of 18305?
1
What is the tens digit of 62212?
1
What is the hundreds digit of 10363?
3
What is the hundreds digit of 4829?
8
What is the units digit of 3045?
5
What is the units digit of 1973?
3
What is the thousands digit of 23318?
3
What is the tens digit of 186?
8
What is the thousands digit of 16892?
6
What is the hundreds digit of 9994?
9
What is the units digit of 13940?
0
What is the hundreds digit of 13192?
1
What is the units digit of 8976?
6
What is the units digit of 284?
4
What is the tens digit of 1656?
5
What is the tens digit of 304?
0
What is the ten thousands digit of 31579?
3
What is the thousands digit of 2974?
2
What is the units digit of 32167?
7
What is the hundreds digit of 2415?
4
What is the ten thousands digit of 74407?
7
What is the tens digit of 40674?
7
What is the tens digit of 23764?
6
What is the tens digit of 5028?
2
What is the hundreds digit of 8919?
9
What is the hundreds digit of 13936?
9
What is the tens digit of 4194?
9
What is the units digit of 2524?
4
What is the units digit of 41212?
2
What is the hundred thousands digit of 113128?
1
What is the units digit of 5638?
8
What is the units digit of 720?
0
What is the units digit of 8115?
5
What is the ten thousands digit of 24671?
2
What is the tens digit of 3017?
1
What is the thousands digit of 6554?
6
What is the tens digit of 111831?
3
What is the thousands digit of 1322?
1
What is the tens digit of 2725?
2
What is the hundreds digit of 2282?
2
What is the hundred thousands digit of 159641?
1
What is the units digit of 3742?
2
What is the units digit of 25927?
7
What is the units digit of 22605?
5
What is the ten thousands digit of 10667?
1
What is the ten thousands digit of 21175?
2
What is the thousands digit of 25449?
5
What is the units digit of 570?
0
What is the tens digit of 34132?
3
What is the hundreds digit of 160381?
3
What is the units digit of 591?
1
What is the hundreds digit of 48697?
6
What is the ten thousands digit of 11825?
1
What is the units digit of 11056?
6
What is the thousands digit of 19647?
9
What is the units digit of 887?
7
What is the thousands digit of 16073?
6
What is the units digit of 4331?
1
What is the hundreds digit of 705?
7
What is the units digit of 463?
3
What is the units digit of 2290?
0
What is the ten thousands digit of 41040?
4
What is the ten thousands digit of 18838?
1
What is the thousands digit of 161488?
1
What is the tens digit of 1798?
9
What is the tens digit of 9756?
5
What is the hundreds digit of 5178?
1
What is the tens digit of 168855?
5
What is the thousands digit of 4414?
4
What is the hundreds digit of 927?
9
What is the tens digit of 898?
9
What is the tens digit of 6460?
6
What is the units digit of 2598?
8
What is the thousands digit of 3019?
3
What is the thousands digit of 9627?
9
What is the hundreds digit of 149?
1
What is the tens digit of 35078?
7
What is the hundreds digit of 12115?
1
What is the units digit of 13?
3
What is the units digit of 5001?
1
What is the units digit of 1953?
3
What is the thousands digit of 10681?
0
What is the hundreds digit of 83840?
8
What is the hundreds digit of 6459?
4
What is the units digit of 4143?
3
What is the units digit of 19222?
2
What is the units digit of 8874?
4
What is the ten thousands digit of 30613?
3
What is the hundreds digit of 27248?
2
What is the tens digit of 181?
8
What is the thousands digit of 8812?
8
What is the hundreds digit of 20374?
3
What is the thousands digit of 7308?
7
What is the tens digit of 1424?
2
What is the units digit of 8239?
9
What is the thousands digit of 66243?
6
What is the tens digit of 5620?
2
What is the hundreds digit of 28754?
7
What is the tens digit of 67784?
8
What is the tens digit of 455?
5
What is the units digit of 1057?
7
What is the tens digit of 1213?
1
What is the hundreds digit of 663?
6
What is the tens digit of 3967?
6
What is the tens digit of 49426?
2
What is the units digit of 27280?
0
What is the units digit of 2505?
5
What is the hundreds digit of 937?
9
What is the units digit of 166127?
7
What is the hundreds digit of 34263?
2
What is the units digit of 30551?
1
What is the units digit of 29325?
5
What is the tens digit of 1414?
1
What is the thousands digit of 14196?
4
What is the units digit of 1043?
3
What is the units digit of 2303?
3
What is the thousands digit of 7460?
7
What is the thousands digit of 9035?
9
What is the hundreds digit of 30287?
2
What is the tens digit of 3257?
5
What is the hundreds digit of 677?
6
What is the hundreds digit of 4449?
4
What is the tens digit of 10388?
8
What is the hundreds digit of 1366?
3
What is the tens digit of 1993?
9
What is the units digit of 680?
0
What is the tens digit of 1739?
3
What is the tens digit of 374?
7
What is the units digit of 399?
9
What is the tens digit of 18843?
4
What is the tens digit of 59001?
0
What is the thousands digit of 1168?
1
What is the units digit of 6985?
5
What is the hundreds digit of 2637?
6
What is the hundreds digit of 416?
4
What is the hundreds digit of 1394?
3
What is the thousands digit of 45690?
5
What is the hundreds digit of 76997?
9
What is the tens digit of 1193?
9
What is the hundreds digit of 681?
6
What is the ten thousands digit of 13210?
1
What is the tens digit of 337?
3
What is the thousands digit of 19209?
9
What is the tens digit of 148?
4
What is the units digit of 9493?
3
What is the hundreds digit of 12784?
7
What is the tens digit of 5655?
5
What is the thousands digit of 2125?
2
What is the units digit of 939?
9
What is the thousands digit of 32530?
2
What is the tens digit of 3608?
0
What is the units digit of 3649?
9
What is the hundreds digit of 119003?
0
What is the units digit of 1954?
4
What is the hundreds digit of 5436?
4
What is the tens digit of 57044?
4
What is the units digit of 30580?
0
What is the thousands digit of 27831?
7
What is the hundreds digit of 353?
3
What is the tens digit of 7890?
9
What is the thousands digit of 1710?
1
What is the hundreds digit of 39287?
2
What is the thousands digit of 1393?
1
What is the units digit of 8936?
6
What is the ten thousands digit of 17498?
1
What is the units digit of 3526?
6
What is the hundreds digit of 8046?
0
What is the thousands digit of 48751?
8
What is the tens digit of 1900?
0
What is the thousands digit of 1790?
1
What is the tens digit of 1487?
8
What is the units digit of 70643?
3
What is the tens digit of 73684?
8
What is the thousands digit of 6100?
6
What is the hundreds digit of 70195?
1
What is the thousands digit of 4106?
4
What is the ten thousands digit of 109435?
0
What is the tens digit of 176746?
4
What is the tens digit of 2376?
7
What is the ten thousands digit of 19002?
1
What is the thousands digit of 55587?
5
What is the ten thousands digit of 119417?
1
What is the units digit of 2040?
0
What is the thousands digit of 15185?
5
What is the ten thousands digit of 23034?
2
What is the units digit of 4805?
5
What is the hundreds digit of 3025?
0
What is the units digit of 507?
7
What is the tens digit of 3789?
8
What is the units digit of 88?
8
What is the uni